{"id":1157,"date":"2017-11-16T22:42:54","date_gmt":"2017-11-16T22:42:54","guid":{"rendered":"https:\/\/crossroads-festival.org\/de\/?page_id=1157"},"modified":"2017-11-17T14:46:47","modified_gmt":"2017-11-17T14:46:47","slug":"fuer-eine-solidarische-zukunft","status":"publish","type":"page","link":"https:\/\/crossroads-festival.org\/de\/fuer-eine-solidarische-zukunft","title":{"rendered":"F\u00fcr eine solidarische Zukunft!"},"content":{"rendered":"<p><img decoding=\"async\" src=\"https:\/\/crossroads-festival.org\/wp-content\/uploads\/lichter.jpg\" alt=\"\" \/><\/p>\n<p><strong>MI 22.11. \/ 18:00-20:00 \/ Podiumsdiskussion<\/strong><\/p>\n<p><strong>F\u00fcr eine solidarische Zukunft!<\/strong><br \/>\n<strong> Wie k\u00f6nnen wir die autorit\u00e4re Wende verhindern?<\/strong><\/p>\n<p><strong>Mit Lukas Oberndofer (mosaik), Flora Petrik (Plus), Lisa Mittendrein (Attac), Mahsa Ghafari (SOS Mitmensch) und Markus (IL Graz)&nbsp;<\/strong><\/p>\n<p>F\u00fcr den Festivalauftakt haben wir spannende Denker*innen und Aktivist*innen eingeladen, um mit ihnen die autorit\u00e4re Wende, im Zuge derer die Neoliberalen, Konservativen und Rechtsextremen ihre Angriffe auf unsere Rechte, Freiheiten und sozialen Errungenschaften verst\u00e4rken, zu analysieren und gemeinsam \u00fcber Gegenstrategien nachzudenken.<\/p>\n<p>Die kommende schwarzblaue Regierung wird diese Angriffe verst\u00e4rken. Sie will den Sozialstaat weiter aush\u00f6hlen, den 12-Stunden-Tag einf\u00fchren und eine \u00f6sterreichische Variante von Hartz IV etablieren. Sie will abschieben was das Zeug h\u00e4lt und das Recht auf Asyl faktisch ausser Kraft setzen. Sie will nichts gegen den Klimawandel unternehmen und Naturzerst\u00f6rung erleichtern. Sie will uns l\u00fcckenlos \u00fcberwachen und unsere Meinungs- und Versammlungsfreiheit massiv einschr\u00e4nken. Demonstrationen sollen nur noch ausserhalb der Innenst\u00e4dte gestattet werden und Menschen, denen sie unterstellen, im Zuge von Protesten Gesetze \u00fcbertreten zu wollen, wollen Schwarzblau pr\u00e4ventiv Fu\u00dffesseln anlegen. Sie wollen kritischen Institutionen und Vereinen Subventionen entziehen und uns unsere R\u00e4ume wegnehmen.<\/p>\n<p>Wenn wir uns erfolgreich zur Wehr setzen und positive Ver\u00e4nderungen vorantreiben wollen, m\u00fcssen wir enger zusammenr\u00fccken, unsere Kr\u00e4fte intelligent b\u00fcndeln und gemeinsam neue Strategien entwickeln. Unser Podium soll einen Beitrag dazu leisten.<\/p>\n<p>Am Donnerstag den 23.11. gibt es von 14:00 bis 16:30 eine Vertiefungs-Session, im Rahmen derer wir die Ans\u00e4tze und Ideen des Mittwochs weiterdenken wollen. Seid mit dabei!<\/p>\n<div class=\"shariff shariff-align-flex-start shariff-widget-align-flex-start\"><ul class=\"shariff-buttons theme-default orientation-horizontal buttonsize-medium\"><li class=\"shariff-button facebook shariff-nocustomcolor\" style=\"background-color:#4273c8\"><a href=\"https:\/\/www.facebook.com\/sharer\/sharer.php?u=https%3A%2F%2Fcrossroads-festival.org%2Fde%2Ffuer-eine-solidarische-zukunft\" title=\"Share on Facebook\" aria-label=\"Share on Facebook\" role=\"button\" rel=\"nofollow\" class=\"shariff-link\" style=\"; background-color:#3b5998; color:#fff\" target=\"_blank\"><span class=\"shariff-icon\" style=\"\"><svg width=\"32px\" height=\"20px\" xmlns=\"http:\/\/www.w3.org\/2000\/svg\" viewBox=\"0 0 18 32\"><path fill=\"#3b5998\" d=\"M17.1 0.2v4.7h-2.8q-1.5 0-2.1 0.6t-0.5 1.9v3.4h5.2l-0.7 5.3h-4.5v13.6h-5.5v-13.6h-4.5v-5.3h4.5v-3.9q0-3.3 1.9-5.2t5-1.8q2.6 0 4.1 0.2z\"\/><\/svg><\/span><span class=\"shariff-text\">share<\/span>&nbsp;<\/a><\/li><li class=\"shariff-button mailto shariff-nocustomcolor\" style=\"background-color:#a8a8a8\"><a href=\"mailto:?body=https%3A%2F%2Fcrossroads-festival.org%2Fde%2Ffuer-eine-solidarische-zukunft&subject=F%C3%BCr%20eine%20solidarische%20Zukunft%21\" title=\"Send by email\" aria-label=\"Send by email\" role=\"button\" rel=\"noopener nofollow\" class=\"shariff-link\" style=\"; background-color:#999; color:#fff\"><span class=\"shariff-icon\" style=\"\"><svg width=\"32px\" height=\"20px\" xmlns=\"http:\/\/www.w3.org\/2000\/svg\" viewBox=\"0 0 32 32\"><path fill=\"#999\" d=\"M32 12.7v14.2q0 1.2-0.8 2t-2 0.9h-26.3q-1.2 0-2-0.9t-0.8-2v-14.2q0.8 0.9 1.8 1.6 6.5 4.4 8.9 6.1 1 0.8 1.6 1.2t1.7 0.9 2 0.4h0.1q0.9 0 2-0.4t1.7-0.9 1.6-1.2q3-2.2 8.9-6.1 1-0.7 1.8-1.6zM32 7.4q0 1.4-0.9 2.7t-2.2 2.2q-6.7 4.7-8.4 5.8-0.2 0.1-0.7 0.5t-1 0.7-0.9 0.6-1.1 0.5-0.9 0.2h-0.1q-0.4 0-0.9-0.2t-1.1-0.5-0.9-0.6-1-0.7-0.7-0.5q-1.6-1.1-4.7-3.2t-3.6-2.6q-1.1-0.7-2.1-2t-1-2.5q0-1.4 0.7-2.3t2.1-0.9h26.3q1.2 0 2 0.8t0.9 2z\"\/><\/svg><\/span><span class=\"shariff-text\">email<\/span>&nbsp;<\/a><\/li><\/ul><\/div>","protected":false},"excerpt":{"rendered":"<p>MI 22.11. \/ 18:00-20:00 \/ Podiumsdiskussion F\u00fcr eine solidarische Zukunft! Wie k\u00f6nnen wir die autorit\u00e4re Wende verhindern? Mit Lukas Oberndofer (mosaik), Flora Petrik (Plus), Lisa Mittendrein (Attac), Mahsa Ghafari (SOS Mitmensch) und Markus (IL Graz)&nbsp; F\u00fcr den Festivalauftakt haben wir spannende Denker*innen und Aktivist*innen eingeladen, um mit ihnen die autorit\u00e4re Wende, im Zuge derer die &hellip; <a href=\"https:\/\/crossroads-festival.org\/de\/fuer-eine-solidarische-zukunft\" class=\"more-link\"><span class=\"screen-reader-text\">F\u00fcr eine solidarische Zukunft!<\/span> weiterlesen <span class=\"meta-nav\">&rarr;<\/span><\/a><\/p>\n","protected":false},"author":1,"featured_media":0,"parent":0,"menu_order":0,"comment_status":"closed","ping_status":"closed","template":"","meta":{"_acf_changed":false,"spay_email":"","footnotes":""},"class_list":["post-1157","page","type-page","status-publish","hentry"],"acf":[],"jetpack_shortlink":"https:\/\/wp.me\/P8yz7o-iF","_links":{"self":[{"href":"https:\/\/crossroads-festival.org\/de\/wp-json\/wp\/v2\/pages\/1157"}],"collection":[{"href":"https:\/\/crossroads-festival.org\/de\/wp-json\/wp\/v2\/pages"}],"about":[{"href":"https:\/\/crossroads-festival.org\/de\/wp-json\/wp\/v2\/types\/page"}],"author":[{"embeddable":true,"href":"https:\/\/crossroads-festival.org\/de\/wp-json\/wp\/v2\/users\/1"}],"replies":[{"embeddable":true,"href":"https:\/\/crossroads-festival.org\/de\/wp-json\/wp\/v2\/comments?post=1157"}],"version-history":[{"count":6,"href":"https:\/\/crossroads-festival.org\/de\/wp-json\/wp\/v2\/pages\/1157\/revisions"}],"predecessor-version":[{"id":1177,"href":"https:\/\/crossroads-festival.org\/de\/wp-json\/wp\/v2\/pages\/1157\/revisions\/1177"}],"wp:attachment":[{"href":"https:\/\/crossroads-festival.org\/de\/wp-json\/wp\/v2\/media?parent=1157"}],"curies":[{"name":"wp","href":"https:\/\/api.w.org\/{rel}","templated":true}]}}

Für eine solidarische Zukunft!

<p><img decoding="async" src="https://crossroads-festival.org/wp-content/uploads/lichter.jpg" alt="" /></p>
<p><strong>MI 22.11. / 18:00-20:00 / Podiumsdiskussion</strong></p>
<p><strong>Für eine solidarische Zukunft!</strong><br />
<strong> Wie können wir die autoritäre Wende verhindern?</strong></p>
<p><strong>Mit Lukas Oberndofer (mosaik), Flora Petrik (Plus), Lisa Mittendrein (Attac), Mahsa Ghafari (SOS Mitmensch) und Markus (IL Graz)&nbsp;</strong></p>
<p>Für den Festivalauftakt haben wir spannende Denker*innen und Aktivist*innen eingeladen, um mit ihnen die autoritäre Wende, im Zuge derer die Neoliberalen, Konservativen und Rechtsextremen ihre Angriffe auf unsere Rechte, Freiheiten und sozialen Errungenschaften verstärken, zu analysieren und gemeinsam über Gegenstrategien nachzudenken.</p>
<p>Die kommende schwarzblaue Regierung wird diese Angriffe verstärken. Sie will den Sozialstaat weiter aushöhlen, den 12-Stunden-Tag einführen und eine österreichische Variante von Hartz IV etablieren. Sie will abschieben was das Zeug hält und das Recht auf Asyl faktisch ausser Kraft setzen. Sie will nichts gegen den Klimawandel unternehmen und Naturzerstörung erleichtern. Sie will uns lückenlos überwachen und unsere Meinungs- und Versammlungsfreiheit massiv einschränken. Demonstrationen sollen nur noch ausserhalb der Innenstädte gestattet werden und Menschen, denen sie unterstellen, im Zuge von Protesten Gesetze übertreten zu wollen, wollen Schwarzblau präventiv Fußfesseln anlegen. Sie wollen kritischen Institutionen und Vereinen Subventionen entziehen und uns unsere Räume wegnehmen.</p>
<p>Wenn wir uns erfolgreich zur Wehr setzen und positive Veränderungen vorantreiben wollen, müssen wir enger zusammenrücken, unsere Kräfte intelligent bündeln und gemeinsam neue Strategien entwickeln. Unser Podium soll einen Beitrag dazu leisten.</p>
<p>Am Donnerstag den 23.11. gibt es von 14:00 bis 16:30 eine Vertiefungs-Session, im Rahmen derer wir die Ansätze und Ideen des Mittwochs weiterdenken wollen. Seid mit dabei!</p>
<div class="shariff shariff-align-flex-start shariff-widget-align-flex-start"><ul class="shariff-buttons theme-default orientation-horizontal buttonsize-medium"><li class="shariff-button facebook shariff-nocustomcolor" style="background-color:#4273c8"><a href="https://www.facebook.com/sharer/sharer.php?u=https%3A%2F%2Fcrossroads-festival.org%2Fde%2Ffuer-eine-solidarische-zukunft" title="Share on Facebook" aria-label="Share on Facebook" role="button" rel="nofollow" class="shariff-link" style="; background-color:#3b5998; color:#fff" target="_blank"><span class="shariff-icon" style=""><svg width="32px" height="20px" xmlns="http://www.w3.org/2000/svg" viewBox="0 0 18 32"><path fill="#3b5998" d="M17.1 0.2v4.7h-2.8q-1.5 0-2.1 0.6t-0.5 1.9v3.4h5.2l-0.7 5.3h-4.5v13.6h-5.5v-13.6h-4.5v-5.3h4.5v-3.9q0-3.3 1.9-5.2t5-1.8q2.6 0 4.1 0.2z"/></svg></span><span class="shariff-text">share</span>&nbsp;</a></li><li class="shariff-button mailto shariff-nocustomcolor" style="background-color:#a8a8a8"><a href="mailto:?body=https%3A%2F%2Fcrossroads-festival.org%2Fde%2Ffuer-eine-solidarische-zukunft&subject=F%C3%BCr%20eine%20solidarische%20Zukunft%21" title="Send by email" aria-label="Send by email" role="button" rel="noopener nofollow" class="shariff-link" style="; background-color:#999; color:#fff"><span class="shariff-icon" style=""><svg width="32px" height="20px" xmlns="http://www.w3.org/2000/svg" viewBox="0 0 32 32"><path fill="#999" d="M32 12.7v14.2q0 1.2-0.8 2t-2 0.9h-26.3q-1.2 0-2-0.9t-0.8-2v-14.2q0.8 0.9 1.8 1.6 6.5 4.4 8.9 6.1 1 0.8 1.6 1.2t1.7 0.9 2 0.4h0.1q0.9 0 2-0.4t1.7-0.9 1.6-1.2q3-2.2 8.9-6.1 1-0.7 1.8-1.6zM32 7.4q0 1.4-0.9 2.7t-2.2 2.2q-6.7 4.7-8.4 5.8-0.2 0.1-0.7 0.5t-1 0.7-0.9 0.6-1.1 0.5-0.9 0.2h-0.1q-0.4 0-0.9-0.2t-1.1-0.5-0.9-0.6-1-0.7-0.7-0.5q-1.6-1.1-4.7-3.2t-3.6-2.6q-1.1-0.7-2.1-2t-1-2.5q0-1.4 0.7-2.3t2.1-0.9h26.3q1.2 0 2 0.8t0.9 2z"/></svg></span><span class="shariff-text">email</span>&nbsp;</a></li></ul></div>

<p>MI 22.11. / 18:00-20:00 / Podiumsdiskussion Für eine solidarische Zukunft! Wie können wir die autoritäre Wende verhindern? Mit Lukas Oberndofer (mosaik), Flora Petrik (Plus), Lisa Mittendrein (Attac), Mahsa Ghafari (SOS Mitmensch) und Markus (IL Graz)&nbsp; Für den Festivalauftakt haben wir spannende Denker*innen und Aktivist*innen eingeladen, um mit ihnen die autoritäre Wende, im Zuge derer die &hellip; <a href="https://crossroads-festival.org/de/fuer-eine-solidarische-zukunft" class="more-link"><span class="screen-reader-text">Für eine solidarische Zukunft!</span> weiterlesen <span class="meta-nav">&rarr;</span></a></p>
